{"id":46,"date":"2018-03-23T21:33:18","date_gmt":"2018-03-23T20:33:18","guid":{"rendered":"http:\/\/coco.toulouseultimate.org\/?page_id=46"},"modified":"2019-08-19T15:22:29","modified_gmt":"2019-08-19T13:22:29","slug":"lultimate","status":"publish","type":"page","link":"http:\/\/www.toulouseultimate.org\/index.php\/lultimate\/","title":{"rendered":"L&rsquo;ultimate"},"content":{"rendered":"<h1>Et l&rsquo;ultimate, qu&rsquo;est-ce que c&rsquo;est ?<\/h1>\n<p>L&rsquo;<a class=\"ext\" href=\"http:\/\/fr.wikipedia.org\/wiki\/Ultimate_(sport)\" target=\"_blank\" rel=\"noopener\">ultimate<\/a> est un sport\u00a0collectif utilisant un\u00a0<a class=\"ext\" title=\"Frisbee\" href=\"http:\/\/fr.wikipedia.org\/wiki\/Frisbee\" target=\"_blank\" rel=\"noopener\">frisbee<\/a>\u00a0opposant deux \u00e9quipes. L&rsquo;objectif est de marquer des points en progressant sur le terrain par passes successives vers la zone d&rsquo;en-but adverse et d&rsquo;y r\u00e9ceptionner le disque.<\/p>\n<p>Il faut donc remonter le terrain, sans se d\u00e9placer avec le disque en main. Les d\u00e9fenseurs doivent emp\u00eacher sa progression, sans contact. Il y a un changement de possession du frisbee quand une passe :<\/p>\n<ul>\n<li>est attrap\u00e9e par un joueur adverse,<\/li>\n<li>est contr\u00e9e et que le frisbee touche le sol,<\/li>\n<li>est attrap\u00e9e par un joueur hors du terrain.<\/li>\n<\/ul>\n<h1>\u00c7a se joue comment et sur quel terrain ?<\/h1>\n<p>L&rsquo;ultimate se pratique dans sa version la plus courante sur terrain en herbe \u00e0 l&rsquo;ext\u00e9rieur (7 contre 7) dit l&rsquo;<strong>outdoor<\/strong>, mais peut aussi se pratiquer sur un terrain de handball en int\u00e9rieur (5 contre 5) dit l&rsquo;<strong>indoor<\/strong>, ou sur la plage (5 contre 5 ou 4 contre 4) dit le <strong>beach<\/strong>. Les r\u00e8gles sont l\u00e9g\u00e8rement am\u00e9nag\u00e9es lorsqu&rsquo;on souhaite le pratiquer en gymnase ou sur plage.<\/p>\n<p>On peut le jouer en <strong>mixte<\/strong> (moiti\u00e9 fille, moiti\u00e9 gar\u00e7on), en <strong>f\u00e9minin<\/strong> (que des filles) ou en <strong>open<\/strong> (libre).<\/p>\n<p>C&rsquo;est un sport <strong>auto-arbitr\u00e9<\/strong> et\u00a0<strong>fair play<\/strong>. Les joueurs doivent appeler eux-m\u00eames les fautes commises sur eux. Les joueurs concern\u00e9s par l&rsquo;action doivent ensuite se mettre d&rsquo;accord. L&rsquo;Ultimate met en avant l&rsquo;esprit sportif et le fair-play. La comp\u00e9tition est encourag\u00e9e, mais jamais aux d\u00e9pens du respect entre joueurs, de l&rsquo;acceptation des r\u00e8gles et du simple plaisir de jouer.<\/p>\n<h1>Mais en vrai \u00e7a donne quoi ?<\/h1>\n<p>Voici quelques vid\u00e9os pour illustrer :<\/p>\n<ul>\n<li style=\"list-style-type: none\">\n<ul>\n<li class=\"title style-scope ytd-video-primary-info-renderer\"><a href=\"https:\/\/www.youtube.com\/watch?v=xAJpzIu8IY8&amp;t=1663s\">World Games 2017 Ultimate Gold Medal Game &#8211; USA v COL<\/a><\/li>\n<\/ul>\n<\/li>\n<\/ul>\n<ul>\n<li style=\"list-style-type: none\">\n<ul>\n<li class=\"title style-scope ytd-video-primary-info-renderer\"><a href=\"https:\/\/www.youtube.com\/watch?v=hWU8HD-i72U\">World Cup Ultimate Frisbee : France &#8211; Allemagne<\/a><\/li>\n<\/ul>\n<\/li>\n<\/ul>\n<ul>\n<li class=\"title style-scope ytd-video-primary-info-renderer\"><a href=\"https:\/\/www.youtube.com\/user\/MatchsBTR\">Et la chaine youtube du club !<\/a><\/li>\n<\/ul>\n<h1>Tu veux en savoir encore plus ?<\/h1>\n<p>Voil\u00e0\u00a0<a class=\"ext\" href=\"http:\/\/www.ffdf.fr\/Ultimate\/L-Ultimate-approfondi\" target=\"_blank\" rel=\"noopener\">un lien vers le site officiel.<\/a><\/p>\n","protected":false},"excerpt":{"rendered":"<p>Et l&rsquo;ultimate, qu&rsquo;est-ce que c&rsquo;est ? L&rsquo;ultimate est un sport\u00a0collectif utilisant un\u00a0frisbee\u00a0opposant deux \u00e9quipes. L&rsquo;objectif est de marquer des points en progressant sur le terrain par passes successives vers la zone d&rsquo;en-but adverse et d&rsquo;y r\u00e9ceptionner le disque. Il faut<\/p>\n","protected":false},"author":1,"featured_media":0,"parent":0,"menu_order":0,"comment_status":"closed","ping_status":"closed","template":"","meta":{"_mi_skip_tracking":false},"_links":{"self":[{"href":"http:\/\/www.toulouseultimate.org\/index.php\/wp-json\/wp\/v2\/pages\/46"}],"collection":[{"href":"http:\/\/www.toulouseultimate.org\/index.php\/wp-json\/wp\/v2\/pages"}],"about":[{"href":"http:\/\/www.toulouseultimate.org\/index.php\/wp-json\/wp\/v2\/types\/page"}],"author":[{"embeddable":true,"href":"http:\/\/www.toulouseultimate.org\/index.php\/wp-json\/wp\/v2\/users\/1"}],"replies":[{"embeddable":true,"href":"http:\/\/www.toulouseultimate.org\/index.php\/wp-json\/wp\/v2\/comments?post=46"}],"version-history":[{"count":8,"href":"http:\/\/www.toulouseultimate.org\/index.php\/wp-json\/wp\/v2\/pages\/46\/revisions"}],"predecessor-version":[{"id":458,"href":"http:\/\/www.toulouseultimate.org\/index.php\/wp-json\/wp\/v2\/pages\/46\/revisions\/458"}],"wp:attachment":[{"href":"http:\/\/www.toulouseultimate.org\/index.php\/wp-json\/wp\/v2\/media?parent=46"}],"curies":[{"name":"wp","href":"https:\/\/api.w.org\/{rel}","templated":true}]}}